late the highest common factor of 377 and 533.
13
What is the greatest common divisor of 450 and 40?
10
Calculate the greatest common factor of 120 and 2568.
24
What is the greatest common divisor of 140 and 3780?
140
What is the greatest common factor of 108 and 140?
4
Calculate the highest common factor of 427 and 549.
61
Calculate the greatest common divisor of 2997 and 222.
111
Calculate the highest common divisor of 12 and 5196.
12
Calculate the greatest common divisor of 82 and 533.
41
What is the highest common factor of 4160 and 195?
65
Calculate the greatest common factor of 21 and 483.
21
Calculate the highest common factor of 1335 and 30.
15
Calculate the greatest common factor of 90 and 27.
9
Calculate the greatest common divisor of 16191 and 63.
63
What is the greatest common factor of 36 and 4?
4
Calculate the greatest common divisor of 442 and 52.
26
Calculate the greatest common factor of 476 and 5780.
68
What is the highest common factor of 342 and 76?
38
What is the greatest common divisor of 2290 and 130?
10
What is the highest common factor of 22 and 2816?
22
What is the greatest common factor of 7 and 924?
7
What is the highest common divisor of 75 and 20?
5
What is the highest common factor of 6118 and 92?
46
Calculate the highest common factor of 10 and 230.
10
Calculate the highest common factor of 7719 and 155.
31
What is the greatest common factor of 15386 and 147?
49
What is the highest common divisor of 208 and 64?
16
Calculate the highest common factor of 12 and 42.
6
Calculate the highest common factor of 10 and 2045.
5
What is the highest common factor of 143 and 33?
11
What is the greatest common factor of 37 and 1739?
37
What is the greatest common factor of 3036 and 726?
66
What is the highest common divisor of 2496 and 39?
39
What is the highest common divisor of 120 and 345?
15
Calculate the highest common factor of 3 and 1977.
3
What is the greatest common factor of 531 and 9?
9
Calculate the greatest common factor of 885 and 30.
15
Calculate the greatest common factor of 34830 and 81.
81
Calculate the greatest common divisor of 60 and 10.
10
Calculate the greatest common divisor of 348 and 48.
12
Calculate the highest common divisor of 124 and 1333.
31
Calculate the highest common factor of 192 and 832.
64
Calculate the greatest common divisor of 15857 and 157.
157
What is the highest common divisor of 288 and 72?
72
Calculate the greatest common divisor of 53 and 159.
53
What is the greatest common factor of 45 and 360?
45
What is the highest common factor of 1683 and 36?
9
Calculate the highest common divisor of 33 and 1650.
33
Calculate the highest common divisor of 45 and 66.
3
Calculate the highest common divisor of 77088 and 146.
146
Calculate the greatest common divisor of 2328 and 24.
24
What is the greatest common divisor of 3 and 3?
3
Calculate the greatest common divisor of 144 and 84.
12
What is the greatest common factor of 451 and 41?
41
What is the highest common divisor of 1128 and 940?
188
Calculate the highest common divisor of 8 and 46.
2
What is the highest common factor of 517 and 11?
11
Calculate the highest common factor of 2274 and 24.
6
Calculate the highest common divisor of 3247 and 51.
17
Calculate the greatest common divisor of 9737 and 321.
107
Calculate the greatest common factor of 6 and 870.
6
Calculate the highest common factor of 6237 and 77.
77
Calculate the highest common divisor of 225 and 6275.
25
Calculate the greatest common divisor of 18 and 222.
6
What is the highest common divisor of 57 and 76?
19
Calculate the highest common divisor of 275 and 925.
25
Calculate the highest common factor of 91 and 559.
13
Calculate the highest common factor of 19 and 4769.
19
What is the greatest common factor of 11610 and 324?
54
What is the highest common divisor of 46954 and 102?
34
What is the highest common factor of 9912 and 126?
42
Calculate the highest common factor of 567 and 105.
21
What is the greatest common factor of 1 and 25?
1
Calculate the greatest common divisor of 756 and 522.
18
Calculate the highest common divisor of 16191 and 21.
21
What is the highest common divisor of 105 and 1260?
105
What is the highest common divisor of 8 and 472?
8
What is the greatest common divisor of 164 and 16?
4
Calculate the highest common divisor of 576 and 32.
32
What is the greatest common factor of 252 and 364?
28
Calculate the greatest common divisor of 9273 and 165.
33
What is the greatest common factor of 57 and 1482?
57
What is the greatest common divisor of 160 and 48?
16
Calculate the greatest common factor of 5934 and 92.
46
Calculate the greatest common divisor of 240 and 9480.
120
Calculate the highest common divisor of 1288 and 4048.
184
Calculate the highest common factor of 85 and 2363.
17
Calculate the highest common divisor of 554 and 2.
2
What is the highest common factor of 94 and 1175?
47
What is the highest common divisor of 32 and 96?
32
What is the highest common factor of 11017 and 46?
23
What is the greatest common factor of 18324 and 72?
36
Calculate the highest common factor of 195 and 45.
15
Calculate the highest common divisor of 24 and 1014.
6
Calculate the highest common divisor of 5621 and 308.
77
Calculate the highest common factor of 5446 and 112.
14
What is the greatest common factor of 41 and 164?
41
Calculate the greatest common divisor of 31864 and 56.
56
What is the greatest common factor of 32 and 112?
16
Calculate the greatest common factor of 24 and 15.
3
What is the highest common factor of 1513 and 34?
17
What is the greatest common divisor of 212 and 795?
53
What is the greatest common divisor of 42 and 266?
14
Calculate the greatest common factor of 851 and 161.
23
What is the greatest common factor of 86 and 430?
86
Calculate the highest common factor of 667 and 29.
29
What is the greatest common divisor of 222 and 4551?
111
Calculate the greatest common factor of 396 and 4950.
198
What is the highest common divisor of 111 and 31413?
111
Calculate the highest common factor of 108 and 46656.
108
What is the highest common divisor of 714 and 168?
42
What is the greatest common divisor of 228 and 7676?
76
What is the highest common divisor of 60 and 1140?
60
What is the highest common divisor of 145 and 522?
29
What is the greatest common factor of 1675 and 25?
25
What is the highest common divisor of 18512 and 624?
208
Calculate the highest common divisor of 154 and 33.
11
Calculate the greatest common factor of 123 and 7708.
41
Calculate the greatest common factor of 2813 and 291.
97
Calculate the greatest common factor of 92 and 3496.
92
Calculate the greatest common divisor of 234 and 78.
78
Calculate the greatest common divisor of 3751 and 484.
121
What is the highest common divisor of 209 and 57?
19
Calculate the greatest common factor of 26 and 1443.
13
What is the greatest common divisor of 99849 and 249?
249
What is the highest common factor of 8137 and 237?
79
Calculate the greatest common factor of 39 and 249.
3
What is the highest common divisor of 432 and 496?
16
Calculate the highest common divisor of 252 and 17073.
63
Calculate the highest common divisor of 162 and 108.
54
What is the highest common divisor of 96 and 36?
12
Calculate the greatest common factor of 9 and 1.
1
Calculate the greatest common divisor of 56 and 14728.
56
What is the highest common factor of 1233 and 27537?
411
What is the greatest common factor of 119 and 7?
7
What is the highest common divisor of 104 and 650?
26
What is the greatest common divisor of 162 and 441?
9
Calculate the greatest common factor of 7 and 89.
1
What is the highest common divisor of 264 and 11?
11
Calculate the highest common divisor of 20 and 235.
5
Calculate the highest common factor of 42 and 78.
6
What is the greatest common factor of 310 and 341?
31
What is the greatest common divisor of 1 and 17?
1
Calculate the highest common divisor of 12 and 33.
3
Calculate the greatest common factor of 15 and 30.
15
Calculate the greatest common divisor of 39 and 12.
3
Calculate the greatest common factor of 961 and 217.
31
What is the highest common divisor of 7 and 32669?
7
Calculate the highest common factor of 64 and 8.
8
Calculate the greatest common divisor of 15 and 21